f) = f**3 - 12*f**2 - 17*f + 15. Let v be j(14). Let q = v + 8. What is the units digit of q?
7
Let r be 25/10 + 6/(-4). Suppose 2*u = -r + 5. What is the units digit of u?
2
Suppose 7*l - 17 - 3532 = 0. What is the hundreds digit of l?
5
Let y(v) = v**3 + 6*v**2 + 6*v - 7. Let u be y(-5). Let k = -10 - u. Suppose -5*b + 4*j = -82, k*b - 13 = j + 18. What is the units digit of b?
4
Suppose -3*o + 188 = -343. Let k = -64 + o. What is the tens digit of k?
1
Let o(c) = -c**2 + 2*c + 105. Let b(f) = -f**2 - 4*f. Let t be b(0). What is the units digit of o(t)?
5
Suppose -6 = p + s, 0*p + 4*s + 16 = 4*p. Let l(n) = -4*n**3 - 3*n**2 + 1. What is the units digit of l(p)?
2
Suppose -12*q + 3*g + 1542 = -7*q, 0 = 5*q - 5*g - 1540. Suppose 14*x = 17*x - q. What is the tens digit of x?
0
Let q(x) = x**2 + 13*x + 14. Let l(c) = c**2 + 8*c + 9. Let t be l(-6). Let i(j) = 1. Let p(y) = t*i(y) - q(y). What is the units digit of p(-7)?
5
Let t(p) = p**2 - 34*p - 5. What is the tens digit of t(38)?
4
Let h(p) = p**3 - 9*p**2 - 14. Let j be h(7). Let m = j - -181. What is the tens digit of m?
6
Suppose -473*l = -485*l + 11700. What is the tens digit of l?
7
Suppose 4*a + 43 = 6*a + x, 0 = -2*a + x + 41. Let o = a - 1. What is the tens digit of o?
2
Let q(x) = -x**3 + 3*x**2 + 4*x - 3. Let o be -1 - ((-20)/(-5) - 4). Let h be (5 + -4)/(o/(-3)). What is the units digit of q(h)?
9
Let l = 10 - 8. Suppose m + l*b + b = 15, 3*b = 0. What is the tens digit of m?
1
Let t = 322 + -135. What is the tens digit of t?
8
Suppose 7*o = 4*o + 1320. What is the units digit of o?
0
Suppose -500 = -8*k + 1604. What is the tens digit of k?
6
Let x = -1 + -1. Let s(n) = 12*n**2 + 2*n + 3. What is the units digit of s(x)?
7
Let d be (-86)/(-5) + 2/(-10). Suppose 0 = 15*z - d*z + 110. What is the units digit of z?
5
Let j = -52 - -776. What is the hundreds digit of j?
7
Suppose 23*v - 65965 = 15662. What is the hundreds digit of v?
5
What is the units digit of (-4)/1 + 5 + 101?
2
Let b = 927 - 464. What is the hundreds digit of b?
4
Suppose -5*f + 85 + 15 = 0. Let u = f + 67. What is the tens digit of u?
8
Let m = -28 + 16. Let d = 12 + m. Suppose d = -0*y + 3*y - 132. What is the units digit of y?
4
Let j = 8 + -8. Suppose j = 4*r - 0*r - 36. Let i = 10 - r. What is the units digit of i?
1
Let k(v) be the second derivative of -10*v**3/3 + v**2/2 - 39*v. What is the tens digit of k(-1)?
2
What is the hundreds digit of (0 - (-698)/6)*3?
3
Let g(h) = 69*h - 23. What is the units digit of g(43)?
4
Let h(k) = -k**2 - 9*k - 11. Let a be h(-12). Let t = 131 + a. What is the units digit of t?
4
Let g = 96 - 32. What is the tens digit of g?
6
Let m = -2 + 7. What is the units digit of (m/(-10))/(309/(-102) + 3)?
7
Let o(n) = n**3 - 10*n**2 - 5*n - 11. Let p be o(10). Let l(a) = -9*a - 4. Let x be l(4). Let i = x - p. What is the units digit of i?
1
Suppose -5*n + 9 - 9 = 0. Let i(m) = -m**2 - 6*m + 98. What is the tens digit of i(n)?
9
Let z(o) be the first derivative of -o**3/3 - 6*o**2 - o - 3. Let l be z(-8). What is the units digit of (0 - 1 - 1) + l?
9
What is the units digit of -2 + 347 + (4 - 6/3)?
7
Let s = 64 + 2. Suppose 0 = -4*b + 16, -2*z - b + s = -5*b. What is the tens digit of z?
4
Let d(f) = 2*f**2 + 10*f + 13. Let t be d(-9). Suppose -434 = 5*j - 4*l - 148, -5*l + 53 = -j. Let x = t + j. What is the tens digit of x?
2
Suppose 2*v = -x + 166, -4*v + 2*x - x + 338 = 0. Suppose 0 = -r + 2, -2*k + 4*r + 28 = v. What is the tens digit of (-1)/(-6) - 404/k?
1
Suppose -14*a + 9*a - 346 = -2*p, 0 = -3*p + a + 519. What is the tens digit of p?
7
Suppose -3*g + 336 - 141 = 0. What is the units digit of g?
5
Suppose 4*w = 5*g - 61 - 29, 3*w - 4*g = -68. Suppose 5*f = -4*i + 1, 3 + 1 = -5*i - f. What is the tens digit of (66/24)/(i/w)?
5
What is the tens digit of (-54175)/(-165) + (-1)/3?
2
Let z be (-178)/(-8) - (-1)/(-4). Suppose 3*j - 4*c - 4 = c, -8 = -j - 5*c. Let b = j + z. What is the tens digit of b?
2
Let g(h) be the first derivative of 7*h**3/3 + h**2/2 - 2*h + 8. Let k be g(1). What is the units digit of (16/24)/(4/k)?
1
Suppose 0 = -0*a - a. Suppose 3*u - 28 - 134 = a. What is the tens digit of u?
5
Let w be ((-4)/4*-4)/2. Suppose -108 - 378 = -5*d - 3*a, -w*d + 2*a + 188 = 0. What is the units digit of d?
6
Let k = -38 + 41. Suppose 0 = 3*d - c - 414, k*c - c + 6 = 0. What is the tens digit of d?
3
Let r(y) = -y**3 + 4*y**2 + 7*y - 4. Let s be r(5). Let d be 122/(-6) - s/9. Let z = d + 27. What is the units digit of z?
6
Let s(o) = -o**3 + 16*o**2 + 28*o - 21. What is the tens digit of s(14)?
6
Let u be (1 + (-9)/6)*0. Suppose 2*h + 0*h - 2*g - 2 = 0, -3*g + 12 = u. Suppose a - 27 = -6*p + p, -5*a + h*p = -45. What is the tens digit of a?
1
Suppose 1 + 5 = -3*c, -218 = -3*h + c. Suppose 3*r + 3*x = h, 19 + 85 = 4*r + 2*x. What is the tens digit of r?
2
Suppose 0*m + 25 = -5*m, -4*m = -3*l + 7826. What is the hundreds digit of l?
6
Let i = 75 - 70. Suppose -2*v = i*t - 413, -3*v - 3*t + 0*t = -624. What is the hundreds digit of v?
2
Let u(x) = x**3 - 7*x**2 - 10*x - 17. Let s be u(9). Suppose -5*m + s = -160. What is the tens digit of m?
4
Suppose -116 = 6*n - 3740. Suppose -3*z - n = -5*x - 4*z, -4*x + 5*z = -460. What is the units digit of x?
0
Let t = -6 - -10. Suppose -3*y + t*o = 2*y - 265, 0 = 3*y + o - 159. What is the units digit of y?
3
What is the tens digit of (48/10)/(1/275)?
2
Let r = 439 + -422. What is the tens digit of r?
1
Suppose -200*v + 194*v = -6762. What is the hundreds digit of v?
1
Suppose -7*b = 27 + 1. Let q(o) = o**3 + 8*o**2 + 4*o - 1. What is the units digit of q(b)?
7
Let s(y) = 6*y + 63. Let f be s(-11). What is the hundreds digit of (174 - 16)/((-2)/f)?
2
Suppose -4*k - 2 = -2*k. Let n be 2 - (4 + k - 5). Suppose 5*r = 4*i - 45, -n*i - 3*r + 3 + 2 = 0. What is the units digit of i?
5
Let s be 15*75/(10 + -5). Suppose 2*c = 421 + s. What is the units digit of c?
3
Suppose -10*d - j - 417 = -11*d, -3*d + 1245 = -5*j. What is the units digit of d?
0
Let x(o) = 6*o**2 + 20*o + 83. What is the tens digit of x(-11)?
8
Let t(y) = -y**3 + 7*y - 1 + 3*y**2 + 2 + 2*y**2. Suppose -96 = 4*w - 20*w. What is the units digit of t(w)?
7
Let o(f) = f**2 + 7*f - 3. Let s be o(-8). Suppose s*y - v = 2*y - 76, 0 = -y + 2*v - 32. What is the tens digit of 3*4/(y/(-46))?
2
What is the thousands digit of -713*1*2*9/(-6)?
2
Suppose 0 = y - q - 9, 3*y - 32 = 2*q + 2*q. Suppose y*b - 760 = -r + 483, -5*b - 4*r + 1540 = 0. What is the units digit of b?
2
Let o = -1014 - -1477. What is the hundreds digit of o?
4
Suppose m + 5 = -3*m - 5*o, 4*o = -4*m. Suppose 2*f + f + r = 20, 20 = -f + m*r. Suppose f*s - 132 = g + 10, 66 = 2*s - 5*g. What is the tens digit of s?
2
Let j be -4 + (0 - -8)/1. Suppose 2*n = -g + 6 + 5, 0 = -j*n - g + 17. Suppose 0 = 2*x + 6, d + n*x - x = 13. What is the tens digit of d?
1
Let w(i) = i + 36. Let d(b) = -b**3 + 3*b**2 - 4. Let u be d(2). What is the tens digit of w(u)?
3
Suppose 5*r - w = 1648 + 520, 0 = -5*r + 5*w + 2180. What is the units digit of r?
3
Suppose -5*q = -3*d + 3543, 4*q + 1730 + 2994 = 4*d. What is the thousands digit of d?
1
Let t(s) = -s**3 - 10*s**2 - s - 6. Suppose 3*i - 20 = 5*i. Let a be t(i). What is the tens digit of (8/(-10))/(a/(-230))?
4
Let o(v) = 2 - v**3 + 5 - v + 9*v**2 + 3. Let k be 4/2*(4 - (-5)/10). What is the units digit of o(k)?
1
Suppose -3*n = -2*c + 2, -n = n - 3*c + 8. Suppose 0 = 2*f - n*d - 482, 0 = 7*f - 3*f - 5*d - 965. What is the hundreds digit of f?
2
Let a(d) = -3*d**2 + 12*d - 8. Let h(t) = t**2 - 4*t + 3. Let f(g) = -3*a(g) - 8*h(g). What is the units digit of f(11)?
7
Suppose 0 = -4*a + 8*l - 7*l + 6353, 4764 = 3*a - l. What is the hundreds digit of a?
5
Suppose d - 963 = 2*v - 3463, 5*v + 4*d = 6276. What is the thousands digit of v?
1
Suppose 30*c = 90805 + 31055. What is the units digit of c?
2
Suppose 2*d + 8 = 0, -3*z = -4*d + 9*d - 4756. What is the units digit of z?
2
Let h be 7/2*(-1 - -3). Let s be -33*((-1)/(-2))/(5/(-10)). Let b = h + s. What is the tens digit of b?
4
Let q = 267 + 612. Suppose -22*y = -25*y + q. What is the hundreds digit of y?
2
What is the hundreds digit of (-9)/6 + 3*(-5036)/(-8)?
8
Suppose c = 4*o - 16, -4*o - c = c - 28. What is the units digit of 39/(